k**3 - 6*k**2 + 2*k + 1. Is y(i) composite?
False
Suppose -5*s - 2*o - 50 = 0, -5*s + 4*s + 5*o = 10. Let l(q) = -q - 6. Let t be l(s). Suppose 0 = -t*n - 2*v + 220, 0*v - 2*v = -4*n + 204. Is n prime?
True
Let b(z) = 4*z**3 + 9*z**2 + 8*z - 2. Let q(h) = 5*h**3 + 10*h**2 + 8*h - 2. Let j(y) = 6*b(y) - 5*q(y). Is j(-7) a composite number?
True
Let w = -179 - -73. Let u = -125 + w. Let j = u + 610. Is j a composite number?
False
Let y(l) = l**3 - 57*l**2 + 36*l - 285. Is y(58) composite?
False
Suppose -93*n - 495441 = -102*n. Is n composite?
False
Suppose -4*t + 854 + 2254 = 0. Suppose 0 = 5*n + 5*r + 2635, 4*n + 2890 = -3*r + t. Let b = 795 + n. Is b a prime number?
True
Let y(o) = -404*o - 25. Is y(-4) prime?
False
Let s be (8/12)/(2/6). Suppose 0 = -4*t - s*r + 1580, 4*t + 5*r - r - 1588 = 0. Is t a composite number?
True
Let t be -6*(4 + -1)/6. Is 1043 + -1 + -2 - t prime?
False
Let x be 13/(-13)*(0 - -1). Is (-3 - (1902 + 2))/x prime?
True
Let a(l) be the third derivative of 6*l**2 + 2/15*l**5 + 1/8*l**4 - 3/2*l**3 + 0 + 0*l + 1/120*l**6. Is a(-7) composite?
False
Is 1/((-11880)/(-47456) - 3/12) a composite number?
True
Suppose 8 = -4*r - 4*c, 5*c - 16 = 9*c. Is 1*(r*(-3)/2 - -46) composite?
False
Suppose -4*v + 5*v = 15661. Is v composite?
False
Let s(u) = u**3 - 7*u**2 - 8*u. Let d be s(8). Suppose -5*r - 611 - 124 = -5*t, 4*r + 8 = d. Is t prime?
False
Let o be ((-70)/42)/((-5)/18). Suppose o*h - 10 - 2 = 0. Suppose -15 = 3*u, h*u = -4*s + u + 1991. Is s composite?
False
Let o = 35 + -22. Suppose o*d - 4*d = 3033. Is d prime?
True
Let m(b) = -b**3 - 6*b**2 + 7. Suppose 2 - 20 = 3*p. Is m(p) prime?
True
Let c(t) = 848*t + 9. Is c(20) composite?
True
Let k(n) = -n**3 + n**2 + 2*n + 14. Let z be k(10). Let b = z - -1247. Is b a prime number?
False
Suppose 0*y + 4*o = 4*y + 20, 0 = -y + 3*o - 11. Is y*(-3 - 484/8) a composite number?
False
Let s = 17463 + 7879. Is s a composite number?
True
Let q(p) = -4694*p. Let k be q(1). Let l be 6/15 + k/10. Let o = 888 + l. Is o a prime number?
True
Let s be -1 + 1 + (3 - -1). Suppose 0*g = -s*g - 16. Is (-106)/2*(-5 - g) composite?
False
Let s(w) = 18*w**2 - 13*w + 34. Is s(23) a prime number?
True
Is 437602/(132/12) + 9 a composite number?
False
Suppose 4*w = 2*w. Suppose -3*k = 3*t - 1422, -k + t + w*t = -464. Is k composite?
True
Let d = 63 - 679. Suppose 0 = -3*w - 3*x - 6, -3*w - 5*x = -x + 6. Is (d/(-8))/(-1 - w) a composite number?
True
Let y(z) = -7*z**2 + 13*z + 4. Let p be y(-5). Let o = -58 - p. Is o a composite number?
True
Suppose j = 2*j - 2. Suppose 110 = 4*f + j*p, 2*f - 37 = 4*p + p. Is f prime?
False
Let t(r) = -r + 6. Suppose 0*o - 3*o = -12. Let x be t(o). Suppose -x*z - z + 237 = 0. Is z a prime number?
True
Let m(y) = -25*y**3 - 4*y**2 + y - 21. Is m(-4) a prime number?
True
Let o(x) = 2*x**2 - 5*x - 2. Let k be (-85)/(-15) - (-1)/3. Suppose -2*f - 4*s + 22 = 0, -k = -4*f + s + 29. Is o(f) prime?
False
Is ((-10436)/14)/((-16)/56) composite?
False
Suppose -2*s = -3*s + 848. Suppose 2*p + s = 6*p. Let h = p - 27. Is h composite?
True
Suppose -4 = -0*v - 2*v. Suppose -2231 = -2*j + 5*t, -4*t - 1117 = -j - v*t. Is j prime?
True
Suppose -4*w + 14 = -1502. Is w prime?
True
Let b(i) = -i**2 + 1. Let a be b(0). Let d be a*(3 - 3 - -5). Suppose -3*s + 100 = p, -3*p + 152 + 106 = -d*s. Is p a composite number?
True
Let q(a) = -35*a + 72. Let l(c) = 34*c - 73. Let y(m) = -3*l(m) - 2*q(m). Is y(-11) a composite number?
True
Let l(u) = -368*u - 89. Is l(-12) a composite number?
False
Let o(t) = 3945*t**2 + 10*t + 33. Is o(-4) a prime number?
True
Suppose -3*t + 213 = -4*k, -4*k - 3*t - 2*t = 189. Let s be (k/2)/((-15)/20). Suppose -i + 4*w = -21, 3*i = -2*w + s + 1. Is i a prime number?
True
Let h = 3438 - 1821. Let y = h - 696. Is y a prime number?
False
Suppose 33 = 6*j + 9. Suppose 0 = 4*p - 7*p - j*x + 6869, -5*x + 2308 = p. Is p a prime number?
False
Suppose -12*t + 230 = -35*t. Suppose 38 = -3*s - 7. Is ((-536)/t)/((-6)/s) a composite number?
True
Let s(x) = 18*x + 7. Suppose -5*v + 19 + 6 = 0. Suppose 0 = 10*u - v*u - 20. Is s(u) composite?
False
Suppose -q = 2 + 1. Suppose 5*i = -3*m + 4*m - 17, 0 = 2*m + 2*i + 14. Is q/(m/127)*1 a prime number?
True
Let r be (0*(-2)/4)/(-4). Suppose 5*k + 3*v + 2*v - 1295 = r, -v = 4*k - 1045. Is k a composite number?
True
Suppose -33*m = -35*m - 2886. Let f = m - -2881. Is f a prime number?
False
Suppose 11*i + 0*i = 26719. Is i composite?
True
Is 1/((-50)/(-104530))*5 a composite number?
False
Let c(i) = -1519*i - 312. Is c(-7) composite?
False
Let c = -23 - -27. Suppose -c*l + 10726 = -4*x + 2*x, -x + 5361 = 2*l. Is l prime?
False
Let t = -3964 + 8739. Suppose 0 = 4*o + 3*d - t, -2*o + 5*d = -o - 1188. Is o prime?
True
Let a(t) = t**2 + 2*t + 397. Suppose -4*m + 8*m = 28. Let g be ((m - 3) + -4)/(-3). Is a(g) a composite number?
False
Let d(p) = -118*p**3 + 5*p**2 - 43*p - 167. Is d(-5) prime?
True
Let p = -3831 + 9050. Is p a composite number?
True
Suppose -13*w + 85482 - 29803 = 0. Is w composite?
False
Let v(h) = h - 2. Let g be v(13). Let j = 14 - g. Suppose 581 = j*z - 241. Is z composite?
True
Let i = -1659 - -3020. Is i a composite number?
False
Let h(r) be the second derivative of -31*r**3/6 - 7*r**2 - 18*r. Is h(-7) a prime number?
False
Let v be (-15)/(-20) + -2*93/24. Is (-8487)/v + ((-24)/42)/(-1) a composite number?
False
Suppose 0 = -4*i - 6 + 26. Suppose 3*f + 548 = 4*s - 0*f, 3*f = -i*s + 658. Is s a composite number?
True
Suppose -4*k = -3*r + 215, 5*k + 3*r + 131 = -158. Is ((-658)/8)/(14/k) a prime number?
False
Let n = -5218 + 8373. Is n a composite number?
True
Suppose o + s + 148 - 1820 = 0, -4*o + 4*s = -6728. Suppose -2224 = 38*c - 40*c. Let g = o - c. Is g prime?
False
Is (-12 + -8 + -1734)*(-15)/6 composite?
True
Let v(z) = -z**3 + 8*z**2 + 4. Let d be v(8). Suppose -2*p - 4 = d, -4*p - 37 = 3*s. Let t = s - -240. Is t prime?
True
Suppose -3 = x - 6. Let h(r) = 2*r**2 + 1 + 2*r - 5*r**2 - 39*r**x + 5*r**2. Is h(-2) a composite number?
False
Suppose 2*u = -i + 635, 5 - 4 = i. Is u prime?
True
Let s be 6*(-1 - 0)*(-14)/(-21). Is (-2)/(s/(-1)*2/(-892)) a composite number?
False
Let q(u) = -u - 4. Let p be q(3). Let r = p + 8. Is (r + 1)*838/4 prime?
True
Let h = -56 - -60. Suppose -h*v = -2758 - 3726. Is v composite?
False
Suppose r + 367 = 4*o - 237, -3*o = -4*r - 2455. Let t be r/(-10) + 16/40. Is (-1)/(2 - 125/t) a prime number?
False
Let d = 5105 + 9508. Is d a composite number?
True
Let r(i) = 990*i + 41. Is r(6) a prime number?
True
Let z = 37584 - 17851. Is z composite?
True
Let i(m) = 42 - 55 + 20*m + 35*m. Is i(6) a prime number?
True
Suppose -52*v + 53*v - 11003 = 0. Is v prime?
True
Suppose 0 = 5*x + 15, h - 3*x = 3*h - 61. Let n = 786 + h. Suppose 0 = -3*b + n + 292. Is b a prime number?
False
Let h = -3 + 5. Suppose h*b + 3*b = 3470. Is 2/(-4 - (-2780)/b) a composite number?
False
Let h(d) = 50*d - 10. Let w be h(-4). Let q = 325 + w. Is q a composite number?
True
Suppose 0 = -4*y + 4156 + 828. Suppose y = -0*n + 2*n. Is n a prime number?
False
Suppose 2*p + 4*c + c + 19 = 0, -29 = -3*p + 4*c. Let d(r) = 0*r**3 + 5*r**3 + 2*r - 3 + 6*r**3 - p*r**2. Is d(2) a composite number?
True
Let m(h) = -12*h**3 + 5*h**2 - 18*h + 13. Is m(-12) prime?
False
Suppose 0 = -5*s + a + 55, 43 = 4*s - a - 0. Is -485*s/(-20)*1 a composite number?
True
Let k be 24/10 - 2/5. Suppose -2*l = 4*y - 178, 0*y = k*l - y - 173. Suppose 4 = u, -5*n + l = -3*u + u. Is n a composite number?
False
Suppose 35*l = 31*l + 9012. Suppose 2295 + l = 6*y. Is y a composite number?
True
Let o be 2/(-9) + 340752/54. Suppose 4*n = 14*n - o. Is n prime?
True
Let q be -2*2*(3 + -2). Let f be 4/(8/(-18)) - q. Let n(a) = -9*a + 6. Is n(f) a prime number?
False
Suppose 19*i - 33*i + 244258 = 0. Is i prime?
False
Let k(f) = f**2 + 5. Let i = -16 + 16. Let s be k(i). Suppose -n = -0*n - 5, 0 = 5*x + s*n - 2360. Is x a prime number?
True
Suppose 2*y - v = 3, -y - 2*v + 2 = -7. Suppose 0 = 6*i - 9*i - 9, -y*t + 2547 = 4*i. Is t composite?
False
Let q(f) = f**2 + 7*f + 1. Let j(y) = -y**2 - 6*y. Let s(h) = -3*j(h) - 2*q(h). Let x be s(-4). Is 10*(-15)/x - 1 composite?
True
Let q = 2 + 19. Let o = 7 - 5. Suppose d + q = o*d. Is d a composite number?
True
Let f 